alculate the remainder when 8498124 is divided by 1378.
1376
What is the remainder when 244 is divided by 17?
6
What is the remainder when 117334 is divided by 13?
9
Calculate the remainder when 17760 is divided by 22.
6
Calculate the remainder when 13112 is divided by 6.
2
Calculate the remainder when 2406 is divided by 706.
288
What is the remainder when 5817 is divided by 1684?
765
Calculate the remainder when 175311 is divided by 913.
15
What is the remainder when 22372 is divided by 367?
352
Calculate the remainder when 494057 is divided by 11.
3
What is the remainder when 112046 is divided by 69?
59
Calculate the remainder when 919631 is divided by 143.
141
What is the remainder when 588 is divided by 27?
21
Calculate the remainder when 23436193 is divided by 23.
21
Calculate the remainder when 43280 is divided by 4326.
20
What is the remainder when 58504 is divided by 105?
19
Calculate the remainder when 194388 is divided by 74.
64
Calculate the remainder when 10692 is divided by 1759.
138
What is the remainder when 154635 is divided by 363?
360
Calculate the remainder when 1235114 is divided by 396.
386
What is the remainder when 6227 is divided by 1055?
952
What is the remainder when 2418 is divided by 107?
64
Calculate the remainder when 82805 is divided by 490.
485
What is the remainder when 1053861 is divided by 252?
249
Calculate the remainder when 80957 is divided by 206.
205
Calculate the remainder when 149963 is divided by 37487.
15
What is the remainder when 2907217 is divided by 493?
489
Calculate the remainder when 1063 is divided by 18.
1
What is the remainder when 777 is divided by 265?
247
What is the remainder when 65764 is divided by 13?
10
Calculate the remainder when 28882 is divided by 675.
532
What is the remainder when 13493 is divided by 897?
38
Calculate the remainder when 27382 is divided by 163.
161
Calculate the remainder when 385468 is divided by 90.
88
What is the remainder when 4265 is divided by 177?
17
What is the remainder when 64 is divided by 40?
24
Calculate the remainder when 80718 is divided by 5.
3
What is the remainder when 5197 is divided by 646?
29
Calculate the remainder when 2538411 is divided by 18.
15
Calculate the remainder when 4177 is divided by 160.
17
What is the remainder when 24217 is divided by 1288?
1033
What is the remainder when 88188 is divided by 64?
60
Calculate the remainder when 4394 is divided by 395.
49
Calculate the remainder when 11219 is divided by 85.
84
Calculate the remainder when 112215 is divided by 368.
343
Calculate the remainder when 5029163 is divided by 441.
440
Calculate the remainder when 274788 is divided by 91590.
18
What is the remainder when 2676 is divided by 954?
768
Calculate the remainder when 823 is divided by 49.
39
What is the remainder when 660 is divided by 644?
16
Calculate the remainder when 148186 is divided by 636.
634
Calculate the remainder when 274469 is divided by 377.
13
Calculate the remainder when 9141 is divided by 609.
6
What is the remainder when 6392 is divided by 78?
74
What is the remainder when 315440 is divided by 21?
20
What is the remainder when 64458 is divided by 32227?
4
Calculate the remainder when 37887 is divided by 323.
96
Calculate the remainder when 3629 is divided by 83.
60
Calculate the remainder when 38018 is divided by 197.
194
Calculate the remainder when 331663 is divided by 5717.
77
Calculate the remainder when 676249 is divided by 261.
259
Calculate the remainder when 1499 is divided by 151.
140
Calculate the remainder when 13265 is divided by 3269.
189
Calculate the remainder when 18938 is divided by 592.
586
Calculate the remainder when 181912 is divided by 60630.
22
What is the remainder when 19258 is divided by 43?
37
Calculate the remainder when 284993 is divided by 53.
12
Calculate the remainder when 53260 is divided by 6656.
12
Calculate the remainder when 151 is divided by 103.
48
What is the remainder when 2721474 is divided by 809?
807
What is the remainder when 792 is divided by 260?
12
Calculate the remainder when 157210 is divided by 524.
10
Calculate the remainder when 521 is divided by 14.
3
What is the remainder when 26352 is divided by 3294?
0
Calculate the remainder when 3431 is divided by 38.
11
Calculate the remainder when 6877 is divided by 6826.
51
Calculate the remainder when 125287 is divided by 12.
7
What is the remainder when 836 is divided by 207?
8
Calculate the remainder when 528119 is divided by 360.
359
Calculate the remainder when 1449305 is divided by 1337.
1334
What is the remainder when 10136 is divided by 10120?
16
Calculate the remainder when 32213 is divided by 17.
15
Calculate the remainder when 290463 is divided by 72615.
3
What is the remainder when 100368 is divided by 286?
268
What is the remainder when 9111 is divided by 774?
597
Calculate the remainder when 129442 is divided by 64703.
36
Calculate the remainder when 7418 is divided by 2471.
5
What is the remainder when 295553 is divided by 93?
92
Calculate the remainder when 90341 is divided by 191.
189
What is the remainder when 327876 is divided by 4150?
26
Calculate the remainder when 11410 is divided by 74.
14
What is the remainder when 3905 is divided by 217?
216
What is the remainder when 31873 is divided by 1328?
1
What is the remainder when 456494 is divided by 103?
101
What is the remainder when 118884 is divided by 347?
210
What is the remainder when 34237 is divided by 34226?
11
Calculate the remainder when 6468 is divided by 3231.
6
What is the remainder when 164 is divided by 44?
32
Calculate the remainder when 727548 is divided by 31.
9
What is the remainder when 228 is divided by 168?
60
Calculate the remainder when 725117 is divided by 64.
61
What is the remainder when 235827 is divided by 42?
39
Calculate the remainder when 59621 is divided by 109.
107
What is the remainder when 1957103 is divided by 769?
767
Calculate the remainder when 76899 is divided by 11.
9
What is the remainder when 99204 is divided by 1181?
0
What is the remainder when 3334 is divided by 261?
202
Calculate the remainder when 40325 is divided by 45.
5
What is the remainder when 559 is divided by 18?
1
Calculate the remainder when 6568 is divided by 62.
58
Calculate the remainder when 1477 is divided by 123.
1
What is the remainder when 3330 is divided by 554?
6
Calculate the remainder when 253015 is divided by 29.
19
Calculate the remainder when 4989 is divided by 1224.
93
What is the remainder when 23623 is divided by 77?
61
Calculate the remainder when 1781 is divided by 1168.
613
What is the remainder when 104648 is divided by 2828?
12
What is the remainder when 28441 is divided by 30?
1
What is the remainder when 11001 is divided by 125?
1
Calculate the remainder when 14074 is divided by 7021.
32
What is the remainder when 144355 is divided by 24059?
1
What is the remainder when 461 is divided by 25?
11
What is the remainder when 1914 is divided by 111?
27
Calculate the remainder when 33242 is divided by 1844.
50
Calculate the remainder when 3534 is divided by 3.
0
Calculate the remainder when 9384 is divided by 101.
92
Calculate the remainder when 1428 is divided by 94.
18
Calculate the remainder when 987 is divided by 335.
317
What is the remainder when 4446 is divided by 103?
17
Calculate the remainder when 57406 is divided by 660.
646
What is the remainder when 58997 is divided by 50?
47
What is the remainder when 34765 is divided by 107?
97
Calculate the remainder when 2839 is divided by 1184.
471
Calculate the remainder when 13904 is divided by 16.
0
Calculate the remainder when 1668 is divided by 138.
12
Calculate the remainder when 18100 is divided by 8102.
1896
What is the remainder when 7017 is divided by 865?
97
Calculate the remainder when 168571 is divided by 56188.
7
What is the remainder when 12467 is divided by 192?
179
What is the remainder when 44100 is divided by 210?
0
What is the remainder when 10887 is divided by 273?
240
What is the remainder when 11581 is divided by 143?
141
Calculate the remainder when 33248 is divided by 125.
123
Calculate the remainder when 1403 is divided by 434.
101
What is the remainder when 36445 is divided by 159?
34
What is the remainder when 8934 is divided by 8853?